{"id":2230,"date":"2021-03-14T09:46:44","date_gmt":"2021-03-14T09:46:44","guid":{"rendered":"https:\/\/riublanch.com\/?page_id=2230"},"modified":"2021-03-14T12:37:31","modified_gmt":"2021-03-14T12:37:31","slug":"derecho-canonico","status":"publish","type":"page","link":"https:\/\/riublanch.com\/index.php\/derecho-canonico\/","title":{"rendered":"Derecho Can\u00f3nico"},"content":{"rendered":"<h3><a href=\"https:\/\/vimeo.com\/518273434\" target=\"_blank\" rel=\"noopener\">Derecho Can\u00f3nico I<\/a><\/h3>\n<h3><a href=\"https:\/\/vimeo.com\/521552447\" target=\"_blank\" rel=\"noopener\">Derecho Can\u00f3nico II<\/a><\/h3>\n<h3><a href=\"https:\/\/vimeo.com\/521918109\" target=\"_blank\" rel=\"noopener\">Derecho Can\u00f3nico III<\/a><\/h3>\n","protected":false},"excerpt":{"rendered":"<p>Derecho Can\u00f3nico I Derecho Can\u00f3nico II Derecho Can\u00f3nico III<\/p>\n","protected":false},"author":3,"featured_media":0,"parent":0,"menu_order":0,"comment_status":"closed","ping_status":"closed","template":"","meta":{"footnotes":""},"class_list":["post-2230","page","type-page","status-publish","hentry"],"_links":{"self":[{"href":"https:\/\/riublanch.com\/index.php\/wp-json\/wp\/v2\/pages\/2230","targetHints":{"allow":["GET"]}}],"collection":[{"href":"https:\/\/riublanch.com\/index.php\/wp-json\/wp\/v2\/pages"}],"about":[{"href":"https:\/\/riublanch.com\/index.php\/wp-json\/wp\/v2\/types\/page"}],"author":[{"embeddable":true,"href":"https:\/\/riublanch.com\/index.php\/wp-json\/wp\/v2\/users\/3"}],"replies":[{"embeddable":true,"href":"https:\/\/riublanch.com\/index.php\/wp-json\/wp\/v2\/comments?post=2230"}],"version-history":[{"count":3,"href":"https:\/\/riublanch.com\/index.php\/wp-json\/wp\/v2\/pages\/2230\/revisions"}],"predecessor-version":[{"id":2233,"href":"https:\/\/riublanch.com\/index.php\/wp-json\/wp\/v2\/pages\/2230\/revisions\/2233"}],"wp:attachment":[{"href":"https:\/\/riublanch.com\/index.php\/wp-json\/wp\/v2\/media?parent=2230"}],"curies":[{"name":"wp","href":"https:\/\/api.w.org\/{rel}","templated":true}]}}